 j = i - 210. What are the prime factors of j?
2, 37
Let k be 288/84*14/4. Let p(o) = -2*o + 16 + 4*o**2 - 3*o**3 + 10 + 8*o**2 + 2*o**3. What are the prime factors of p(k)?
2
Let s(b) = 36*b - 74. Let v be ((-164)/(-9))/2 - (-2)/(-18). Let o be s(v). Suppose -5*m = -5*t + o, -m - 4*m = 5. What are the prime factors of t?
7
Let w = -466 - -512. Let r = -50 - -85. Let i = r + w. What are the prime factors of i?
3
Let v(a) = -3*a + 26. Let l be v(7). Suppose -2*o - 501 = -l*o. What are the prime factors of o?
167
Let l be -2 - 4*(-11 + (0 - -3)). Suppose -l = -9*d + 3*d. Suppose d*m - 495 = 170. List the prime factors of m.
7, 19
Let v be 6/2 - (-1 + 1). Suppose 0*z + v*z + 18 = 0. List the prime factors of z/(-15)*(-2 + 42).
2
Let x(v) = -64*v - 20. Let q be x(-5). Suppose -q = 7*j - 8*j. List the prime factors of j.
2, 3, 5
Suppose 0 = -3*d - 5*s + 26, -3*s + 2 = d - 0. Suppose 4*y + 4 = -x, 1 = 4*x + d. Suppose 3*q - 27 + y = 0. What are the prime factors of q?
3
Let b = 1109 + 549. Suppose 3*f = 5*w + b, 0 = f + 2*w - 307 - 253. What are the prime factors of f?
2, 139
Let j be ((-4)/(-1))/(-1)*(-210)/8. Let p = -88 + j. Suppose -24*f + p*f = -700. List the prime factors of f.
2, 5
Suppose -20 = 5*p + o, 2*o + o = 5*p + 20. Let w be 0 - (-16 - (p - -2)). What are the prime factors of 4/w + 393/21?
19
Let m be (-39237)/(-6) - 1/(-2). Let g be m/9 + 24/(-9) + 2. Suppose 2*v - 5*k + 171 = 3*v, -4*v + k = -g. List the prime factors of v.
181
Suppose -5*a + 4*o = -27, 4*a + 5*o + 6 = a. List the prime factors of (1 + 260)*((-13)/a - -7).
2, 3, 29
Let a = 20 + 4. Let c = a + -14. Suppose -216 = -c*d + 6*d. List the prime factors of d.
2, 3
Suppose 5 = -3*r - 10, 4 = -t - 3*r. Let c(y) = 70*y - 200. What are the prime factors of c(t)?
2, 3, 5, 19
Suppose -2*y - 4*m + 45 = 3*y, 2*y + m - 15 = 0. Let w be (1040/(-12))/y*(-9)/2. Let o = 187 - w. What are the prime factors of o?
109
Let y = -2750 - -6903. What are the prime factors of y?
4153
Let b(a) = 44*a**2 + 86*a + 46. List the prime factors of b(-25).
2, 7, 907
Let i = 438 + -458. What are the prime factors of ((-30)/i)/((28/232)/7)?
3, 29
Suppose 10*i + 2785 = 117845. List the prime factors of i.
2, 11, 523
Let i(l) = -309*l - 3. Let a be i(-2). Suppose 0*y + a = 4*s + 5*y, 5*y = 3*s - 435. Let m = 217 - s. What are the prime factors of m?
67
Let n(k) = k + 14. Let m be n(0). Suppose 0 = -u + 31 - 16. Suppose -3*d = u, j - d + m = 75. List the prime factors of j.
2, 7
Suppose 5*t + 10*t = 30. List the prime factors of (t + 112/(-35))/(2/(-445)).
3, 89
Suppose 51440 = -192*b + 1183856. What are the prime factors of b?
2, 3, 983
Let c(v) = 29*v**2 - 173*v - 1013. List the prime factors of c(-6).
1069
Let v(p) = -2340*p + 912. List the prime factors of v(-4).
2, 3, 107
Suppose 61*o - 58*o - 23931 = 0. List the prime factors of o.
3, 2659
Suppose -8 = 8*q - 0. Let c be q + -3 + (3 - -5). Suppose -3*m + 99 = -3*k, -2*k - 96 + 258 = c*m. What are the prime factors of m?
2, 19
Suppose j + 4*s = -0*j + 12, 3*j = -2*s + 16. Suppose -j = -5*b + 6. Suppose b*c = 188 + 36. List the prime factors of c.
2, 7
Suppose 15 = 17*r - 19. Suppose r*j - 354 = -0*o - 5*o, -4*j = -2*o - 684. What are the prime factors of j?
2, 43
Suppose 0 = -2*t + 7*g - 6*g + 5, g = -5. Suppose -o + 9*o = t. Suppose o*l + 8*l = 792. List the prime factors of l.
3, 11
List the prime factors of -14 - (-8031 + (5 - 5)).
8017
Let o(d) = 892*d - 617. What are the prime factors of o(15)?
12763
List the prime factors of 8/((-48)/(-5694)) - -14.
3, 107
Suppose k - 5*v + 6977 = 70802, v - 2 = 0. List the prime factors of k.
5, 17, 751
Let m(y) = 178*y + 11018. List the prime factors of m(75).
2, 1523
Suppose 3*g + 16 = w - 34, -67 = -2*w - 5*g. Suppose -w*r = -47*r + 900. List the prime factors of r.
2, 3, 5
Let o be (-3)/24 - 23*(-4996)/(-32). What are the prime factors of 16/(-120)*5*o/6?
3, 7, 19
Let g(c) be the second derivative of -3*c**3/2 + 209*c**2/2 - 47*c. What are the prime factors of g(-19)?
2, 5, 19
Suppose 0 = v + 629 - 709. List the prime factors of v/(-440) + -1*10991/(-11).
3, 37
Let s = -438 - -435. List the prime factors of (3 + -8 - s)*-271.
2, 271
Let w(p) = 6040*p + 1582. What are the prime factors of w(4)?
2, 61, 211
List the prime factors of 3 - ((-220)/(-50))/((-4)/23960).
43, 613
Suppose -k - 6 = -3*k + 2*d, -2*d + 10 = 2*k. Let o be 4/6 + -8*k/(-24). List the prime factors of 35*5/5*o.
2, 5, 7
Suppose 0 = -29*d - 100 + 390. Suppose -d*a + 7253 = 703. What are the prime factors of a?
5, 131
List the prime factors of (-55226 + 0)/(12/(-27)*261/58).
53, 521
Let r be (-1 + -1)/(2/27*-3). Suppose 3111 = r*y + 240. What are the prime factors of y?
11, 29
Suppose -123676 = -7*z - 3*m, -2*z + 3*m = 8497 - 43860. What are the prime factors of z?
41, 431
Suppose 5*t = -6*l + 15555, -l - 4*l + 4*t = -12938. What are the prime factors of l?
2, 5, 7, 37
Let o = 445 + 8. Let q = 756 - o. List the prime factors of q.
3, 101
Suppose 9*g = 14*g + 3*y - 169613, -4*g = -4*y - 135684. What are the prime factors of g?
2, 7, 2423
Let t(h) = 34*h + 89. Let r = -18 + 25. List the prime factors of t(r).
3, 109
Let s(p) be the first derivative of p**4/4 - 20*p**3/3 + 38*p**2 + 52*p + 46. List the prime factors of s(20).
2, 3, 131
Let z = 389 - 387. Suppose 2*l + 56*t - 61*t - 1118 = 0, -2*t = -z*l + 1130. List the prime factors of l.
569
Suppose -b + 16*l = 11*l - 180, -5*b = -l - 900. Suppose -8*z - b = -1100. What are the prime factors of z?
5, 23
Suppose 11*j - 146 = 19. Suppose -j*z = -6996 - 14784. List the prime factors of z.
2, 3, 11
Let f = 63 - 59. Let m be -15*f/(-3) - (3 + -3). List the prime factors of (2/(16/(-6)))/((-1)/m).
3, 5
Suppose 155*k - 730524 = 54*k + 801444. What are the prime factors of k?
2, 3, 79
Let c(x) be the third derivative of -44*x**2 - 1/30*x**5 - 1/20*x**6 - 5/6*x**3 + 0*x + 0 - 7/24*x**4. List the prime factors of c(-2).
7
Let s be -7 + -6 - -2 - (0 + 1). What are the prime factors of s/9 + (-14076)/(-27)?
2, 5, 13
Let s be 24/4 + 1/((-4)/(-8)). Suppose 0 = -o + p + 71, -4*o + 308 = -4*p + s*p. List the prime factors of o.
2, 37
Suppose -8573 + 479 = -4*c + 3*r, -2*c + 4054 = -5*r. What are the prime factors of c?
2, 3, 337
Let c = 48 - 39. Let w = -15 + c. List the prime factors of (-12)/(-9) + (-4)/w + 83.
5, 17
Let p(a) = -1765*a - 4812. List the prime factors of p(-16).
2, 5857
Suppose 2*j + 2*j - 20 = 0. Let x be 6/5*(30/j + 114). Suppose 0 = s + 3*v - 58, -420 = -4*s - v - x. List the prime factors of s.
2, 5, 7
Let l = 14546 - -12675. List the prime factors of l.
163, 167
Suppose 4*y - 101 + 129 = 0. Let n(a) = 22*a**2 + 29*a + 12. List the prime factors of n(y).
887
Let c = -36155 - -63747. List the prime factors of c.
2, 3449
Let q(b) = 42*b - 13. Let g(w) = -4*w + 4. Suppose 2*t = -4*y + t, 0 = 4*y + 5*t. Let p be g(y). List the prime factors of q(p).
5, 31
List the prime factors of (5026 - (-40)/4)*1.
2, 1259
Suppose 21*x - 18*x - 96 = 0. Let u(q) = 5*q**2 + q**2 - x*q**3 + 31*q**3 + 1 + 4*q + 0*q**2. What are the prime factors of u(5)?
2, 23
Let n(j) = 6*j + 57. Let w be n(-8). Suppose 1771 + 2540 = w*i. List the prime factors of i.
479
List the prime factors of (-2)/8*2*(-1258848)/48.
3, 31, 47
Suppose -15*r + 9 = -12*r. What are the prime factors of (r + 227 - 1) + 7?
2, 59
Let y(a) be the second derivative of 6*a - 1/20*a**5 + 7*a**2 + 2*a**3 + 5/6*a**4 + 0. What are the prime factors of y(11)?
5
Let k(h) = -125*h**2 - 7*h - 4. Let q(r) = -1 + 5*r**2 + 3*r - 5*r - 36*r**2 + 0*r. Let t(u) = -6*k(u) + 22*q(u). What are the prime factors of t(1)?
2, 17
Let u(r) = r**3 + 22*r**2 + 21*r + 2. Let j be u(-21). Suppose j*a = 4*f + 14, 4*f - 51 = -2*a - a. Suppose 0 = -a*w + 16*w - 6. List the prime factors of w.
2
Let t be (10/3 + -2)*4719/26. Let m = t + -54. What are the prime factors of m?
2, 47
Let b(s) = -4*s - 1. Let w be b(-1). Let g = -6879 + 6881. Suppose -w*y + g*p = -196, y + 134 = 3*y - 2*p. What are the prime factors of y?
2, 31
Let c(h) = -4*h**2 + 20*h + 4. Let o be c(5). Let m be 1259/13 + 4*o/104. Let b = m + -57. What are the prime factors of b?
2, 5
Let i = -10 - -27. Suppose -i*v - 3987 = -17706. What are the prime factors of v?
3, 269
Suppose 0 = 73*a - 164088 - 90463. What a